e prime factors of m.
2
Let n = 20 - -15. What are the prime factors of 60/n + (-2)/(-7)?
2
Let x(m) = m**3 + 3 - 4*m**2 - 2*m**2 - 6*m + m**2 + 4*m**2. List the prime factors of x(4).
3
Let h(r) = -r**2 - 9*r + 4. Let i be h(-9). Suppose -i*g + 180 = g. What are the prime factors of g?
2, 3
Let l be ((-27)/12)/((-3)/(-12)). Let k = l - -22. Let t = k - 8. What are the prime factors of t?
5
Let b = 15 + -27. Let y = 55 + b. What are the prime factors of y?
43
Suppose -2*y = -3*y + 133. What are the prime factors of y?
7, 19
Suppose 60 = 2*t + 3*t. What are the prime factors of t?
2, 3
Suppose 3*x - 7*x = 2*s - 156, 3*s - 34 = -x. List the prime factors of x.
2, 5
Let t = -62 - -92. What are the prime factors of t?
2, 3, 5
Let b = -85 + 165. Suppose -4*t = -16 - b. List the prime factors of t.
2, 3
Suppose 0 = -n + 2*v + 122, -3*n + 208 = -n + 5*v. What are the prime factors of n?
2, 3, 19
Suppose -3*s - 1 = -28. List the prime factors of s.
3
Suppose z + 3 = 1. What are the prime factors of (-2 - z) + 1 + 12?
13
Let y be (4/6)/((-2)/(-24)). Let x be (y/(-16))/((-1)/(-2)). List the prime factors of -3 + 4 - (-18 - x).
2, 3
Let d be 699/(-21) - (-4)/14. Let l = 23 - d. Suppose -3*b - 3*t = -4*t - 32, 0 = -5*b + 3*t + l. List the prime factors of b.
2, 5
Let x(v) = -17*v - 6. What are the prime factors of x(-12)?
2, 3, 11
Let y(w) = w + 140. List the prime factors of y(0).
2, 5, 7
Suppose 17*t = 84 - 16. List the prime factors of t.
2
Suppose -2*p + 4*n + 0*n + 200 = 0, 2*n + 190 = 2*p. What are the prime factors of p?
2, 3, 5
Let t = 72 - 105. Let g = 72 + t. What are the prime factors of 2/(-6)*-1*g?
13
Let c(s) = -5*s - 4. Let w = 6 - 10. List the prime factors of c(w).
2
Let r(v) = -2*v - 2. Let t be r(-3). Suppose -t*l + 4 = -0*l + q, -10 = 3*l + 4*q. Suppose 4 = l*g - 16. What are the prime factors of g?
2, 5
Let d = 76 + 7. What are the prime factors of d?
83
What are the prime factors of ((-29)/2)/((-11)/22)?
29
Suppose -2*s = -s. Suppose s = z + 4*m + 3, m = -0 - 2. Suppose -z*v + 10 = -40. What are the prime factors of v?
2, 5
Let y = 84 + -39. What are the prime factors of y?
3, 5
Let q(c) = 17*c + 6. List the prime factors of q(4).
2, 37
Let n be (2/(-4))/(8/(-1280)). Suppose -5*s = 5*a - 70, 4*s = -2*a - 28 + n. What are the prime factors of s?
2, 3
Suppose -8*c + 4*q + 1120 = -4*c, 4*q = 5*c - 1397. List the prime factors of c.
277
Let z(b) = 17*b. Let y be z(2). Suppose v + 0*v - 5*u = -7, 2*v + 2*u - y = 0. List the prime factors of v.
13
Suppose -2*l + 256 = 56. List the prime factors of l.
2, 5
Suppose 28 = 4*s - 2*s. List the prime factors of s.
2, 7
Let w be (-60)/((-3)/(-8)*-2). Let v = w - 53. What are the prime factors of v?
3
Let d(v) = 6*v + 5. Let h be d(-6). Let r = -20 - h. What are the prime factors of r?
11
Suppose 4*z = 4*f - 12, -2*f + f + 4*z = -6. Let u = f - 2. Suppose 0 = s + 2*s + 2*v - 36, u = -4*s - v + 48. What are the prime factors of s?
2, 3
Let d be (-18)/(-9)*182/4. Suppose 0 = c - q + 6*q - 45, -3*c = 4*q - d. List the prime factors of c.
5
Let s be (6*5 - 1) + 2. Let x = s + -19. What are the prime factors of x?
2, 3
Let n = 9 + -15. Let b be (-6)/4 + (-51)/n. Suppose -b*s + 3*s = -32. List the prime factors of s.
2
List the prime factors of (-5 - -4)*-1*111.
3, 37
Let d(x) = x**2 + 5*x - 9. Let l be d(-7). Suppose l*j + 49 = -26. What are the prime factors of j*(24/(-9) - -2)?
2, 5
List the prime factors of ((-3)/2 + 2)/((-1)/(-156)).
2, 3, 13
Let f(k) be the third derivative of k**8/10080 + k**7/2520 - k**5/30 - k**2. Let m(p) be the third derivative of f(p). List the prime factors of m(-3).
2, 3
Let h(o) = -4*o**2 + o**3 - 4 + 11 + 0*o**3 - 6*o. List the prime factors of h(5).
2
Let j(z) = -1 + 0*z**3 + 9*z - z**3 + 0*z**3 + 6*z**2. List the prime factors of j(7).
13
Let j be ((-68)/5)/((-2)/5). Suppose -u = u - j. List the prime factors of u.
17
Suppose -492 = -9*l + 3*l. What are the prime factors of l?
2, 41
What are the prime factors of (5 - 7) + 4 + 23?
5
Let z(j) = -1. Let f(p) = -6*p + 24. Let t(h) = -f(h) - 12*z(h). What are the prime factors of t(8)?
2, 3
Suppose -12*j + 2030 = 2*j. What are the prime factors of j?
5, 29
Let w(z) be the first derivative of -5*z**4/2 + z + 1. Let h(f) = -f**3 - 4*f**2 - 5*f - 7. Let m be h(-3). What are the prime factors of w(m)?
11
Suppose l + 12 = -3*l, 3*a - 45 = 3*l. Let w = 3 - -30. Let k = w - a. List the prime factors of k.
3, 7
Let i = 66 + 136. List the prime factors of i.
2, 101
Let i be (-450)/(-8) - 7/28. Let x be (-50)/(-4)*i/35. What are the prime factors of 152/x - 6/10?
7
Suppose -c - 3*p + 40 = 0, 2*c - 63 - 13 = -5*p. What are the prime factors of c?
2, 7
List the prime factors of -1 - -3 - (2 - 25).
5
Let z be (-616)/(-4) - (-3)/(-1). Suppose 185 = 5*y + d + 2*d, -4*y - 3*d + z = 0. Let v = y + -18. List the prime factors of v.
2
Let d(v) be the third derivative of v**5/30 - v**4/24 - v**3/3 + 2*v**2. List the prime factors of d(3).
13
Let g(p) = p**2 + 4*p - 16. What are the prime factors of g(-7)?
5
Let q be 1*(2 + -1) + 1. Let t be ((-8)/(-20))/(q/10). Suppose -2*z = -2*m - 22, -t = -2*z - 4*m + 2. What are the prime factors of z?
2
Let w(p) = -p**3 + 12*p**2 - 16*p + 17. List the prime factors of w(9).
2, 29
Let g be 1/2 + (-3)/(-6). Let s be g/((-3)/(-15) - 0). Let i = 1 + s. List the prime factors of i.
2, 3
Let a be (-35)/(-7)*(-118)/5. Let b be a/(-5) - (-6)/15. Let n = b + -3. List the prime factors of n.
3, 7
Let h(k) = -3*k - 1. Suppose g + 0*t = -2*t + 4, 5*t = g + 17. What are the prime factors of h(g)?
5
Let g be 16/6*3/2. Suppose 19 = -g*f + 55. List the prime factors of f.
3
Let f = -24 + 33. List the prime factors of f.
3
Suppose -7*y + 11*y = 496. What are the prime factors of y?
2, 31
Suppose 5*p = -3*s - 37, s + 2*p + 19 = -p. Let i = s - -7. List the prime factors of i.
3
Let z(k) = 2 + k**2 - 1 + 0*k**2 - k + 22*k**3. List the prime factors of z(1).
23
Suppose -142 = -2*n - 12. List the prime factors of n.
5, 13
Suppose s - 3*f - 48 = -s, 3*s - 4*f - 71 = 0. Suppose 2*k = -k + s. What are the prime factors of k?
7
Let g(o) = -o**2 - 7*o - 3. Let l be g(-7). List the prime factors of l/(3/(-11)) + -1.
2, 5
Let v(s) = s**2 - s - 73. Let g be v(0). Let c = g - -43. List the prime factors of (1/(-3))/(2/c).
5
Let z(j) be the second derivative of -1/2*j**2 - 1/6*j**4 + 0 - 9/20*j**5 - 1/3*j**3 - 3*j. List the prime factors of z(-1).
2
Let j be 17/5 - (-4)/(-10). What are the prime factors of (1 - j - 2)*-2?
2
Let d(t) = 20*t**3. Let v be d(1). Suppose i + v = 6*i. Suppose 3*u + w - 15 = 10, 4*u - 36 = -i*w. List the prime factors of u.
2
Let x(i) = i**3 + 3*i + 5*i**2 + 3*i**2 - 4*i + 4*i - 4. What are the prime factors of x(-3)?
2
Let x(n) = 2*n**2 - 11*n + 3. List the prime factors of x(7).
2, 3
Suppose 9 = -2*a + 3*a. List the prime factors of a.
3
What are the prime factors of (3762/(-110))/((-6)/40)?
2, 3, 19
Suppose 0 = n + 3*q - 3, 2*n + 4*q = -2*n + 4. Suppose n = 4*p - 13 - 59. What are the prime factors of p?
2, 3
Let f(j) = j. Let o be f(1). Let i = -5 + o. Let y = 7 + i. What are the prime factors of y?
3
Suppose -3 - 3 = 3*h. Let q be (-44)/(-8) - (-1)/h. Suppose w + 12 = q*w. What are the prime factors of w?
3
Let t(r) = -r**3 - 5*r**2 - r + 3. Let f be (1/2)/(3/(-36)). List the prime factors of t(f).
3, 5
Let d(i) = -i + 1. Let m(g) = -g + 6. Let l(z) = 2*d(z) + m(z). Let p be l(9). Let q = -7 - p. What are the prime factors of q?
2, 3
Let z be 1/((-9)/(-6) + -1). Suppose 0 = -2*t + z*m - 14, -5*m + 3*m = -4. List the prime factors of (-15 + 0)*3/t.
3
Let a(l) = -l**3 + 8*l**2 - 7*l + 10. Let o be a(7). Suppose 4*u + o = -n - 8, u + 4*n = 3. Let m = u - -12. What are the prime factors of m?
7
Let f = -5 - -5. Suppose -9 = -f*u - u. List the prime factors of u.
3
Suppose -4*k = -4*g - 912, 50 = k - 3*g - 172. List the prime factors of k.
3, 7, 11
Suppose -5*f + 168 = 4*k, -63 = -2*f - 6*k + 3*k. Suppose s - f = -3*d, s + 4*d = -2*s + 93. What are the prime factors of s?
3
Suppose -3*z = 2*z - 15. Let v(w) = -4*w**2 - 7*w + 3*w**2 - 2*w**2 + z*w - 1 + 2*w**3. What are the prime factors of v(3)?
2, 7
Suppose 7*n = 4*n + 66. What are the prime factors of n?
2, 11
Suppose -3*l + 5*l = -3*z + 154, -3*l - 2*z